
39
What is the highest common divisor of 2288 and 54767284?
572
What is the highest common factor of 9118312 and 14?
14
Calculate the highest common divisor of 343599 and 13038.
159
Calculate the greatest common divisor of 3850 and 309430275.
1925
What is the highest common factor of 29159 and 67717?
13
Calculate the highest common factor of 14742 and 8242.
26
Calculate the greatest common divisor of 3580 and 922924.
716
Calculate the highest common factor of 239569 and 13717.
319
Calculate the greatest common divisor of 20249450 and 39650.
650
What is the highest common divisor of 6916 and 50958817?
1729
What is the highest common factor of 11334735 and 245?
5
What is the greatest common divisor of 7614 and 259929?
81
Calculate the greatest common divisor of 52211 and 8967359.
479
What is the highest common divisor of 27872907 and 205?
41
Calculate the greatest common divisor of 92484120 and 1675.
335
Calculate the greatest common factor of 431 and 4109585.
431
What is the greatest common factor of 222034409 and 3183?
1061
Calculate the highest common divisor of 236520 and 2283390.
810
Calculate the greatest common factor of 136 and 42270160.
136
Calculate the greatest common divisor of 290985 and 47595.
285
What is the greatest common factor of 468544 and 35763085?
7321
What is the highest common divisor of 1168 and 19794240?
16
What is the greatest common factor of 239639184 and 6?
6
Calculate the highest common divisor of 27224536 and 8.
8
Calculate the highest common factor of 231 and 33627.
33
Calculate the greatest common divisor of 218 and 34778.
2
What is the highest common factor of 143 and 436434284?
143
What is the greatest common factor of 8374 and 918928?
158
Calculate the greatest common factor of 162 and 1550817.
9
Calculate the greatest common factor of 3816 and 1479816.
72
Calculate the greatest common divisor of 16607728 and 80.
16
What is the greatest common factor of 21672813 and 589?
31
What is the greatest common factor of 32299736 and 1624?
1624
Calculate the greatest common divisor of 11579504 and 5056.
1264
Calculate the highest common divisor of 6705525 and 8700.
2175
What is the greatest common factor of 7622453 and 670243?
4163
What is the greatest common divisor of 1007688 and 39?
3
Calculate the greatest common divisor of 5681856 and 346912.
9376
What is the highest common divisor of 24709306 and 6478?
82
Calculate the greatest common factor of 3836 and 40974234.
1918
Calculate the highest common divisor of 238883448 and 5664.
1416
What is the greatest common factor of 8681094 and 615?
123
What is the highest common divisor of 345 and 927630?
15
Calculate the greatest common divisor of 29634850 and 227.
227
Calculate the greatest common divisor of 27 and 184746420.
27
What is the highest common factor of 44 and 331178188?
44
Calculate the greatest common divisor of 128 and 179188.
4
What is the highest common factor of 65667373 and 1255?
251
What is the highest common factor of 153410 and 1170677?
529
Calculate the greatest common divisor of 250 and 1272410.
10
What is the greatest common factor of 60244862 and 916?
458
What is the greatest common factor of 691 and 24746783?
691
What is the greatest common divisor of 13010864 and 90736?
848
What is the highest common divisor of 32630 and 34966810?
2510
Calculate the greatest common factor of 24500836 and 28532.
4076
What is the greatest common factor of 16638 and 13157?
59
What is the greatest common factor of 832 and 552?
8
What is the greatest common factor of 117 and 7014123?
9
Calculate the greatest common divisor of 2183992 and 40.
8
What is the highest common divisor of 22597148 and 884?
68
What is the highest common factor of 84 and 6988107?
21
Calculate the highest common divisor of 111182096 and 3184.
3184
What is the highest common factor of 2704 and 423595796?
676
Calculate the highest common factor of 3210868 and 379892.
5204
Calculate the highest common factor of 1692 and 27318186.
846
What is the greatest common factor of 98 and 11631368?
14
What is the highest common factor of 2288 and 1969682?
286
What is the greatest common factor of 7323759 and 399?
57
Calculate the greatest common factor of 657 and 67767433.
73
What is the greatest common factor of 63345 and 1072230?
1545
Calculate the greatest common divisor of 19162 and 1486529.
737
What is the greatest common factor of 16436925 and 275?
25
What is the highest common factor of 13673570 and 3870?
430
Calculate the greatest common factor of 2987480 and 320.
40
What is the highest common factor of 1300555 and 2960?
5
Calculate the highest common divisor of 212 and 32815427.
53
What is the greatest common factor of 1276 and 42924002?
638
Calculate the greatest common factor of 5960 and 2209670.
1490
Calculate the greatest common factor of 114317925 and 6045.
465
What is the greatest common divisor of 9670833 and 1421?
29
What is the greatest common factor of 27875649 and 49677?
1713
Calculate the highest common factor of 1037 and 337696.
61
What is the greatest common divisor of 2431196 and 296?
148
What is the highest common factor of 24765 and 11226165?
1905
Calculate the greatest common factor of 2212 and 3227308.
2212
Calculate the greatest common factor of 169983 and 762399.
1683
Calculate the highest common factor of 92 and 1488056116.
92
What is the greatest common factor of 2505787 and 53?
53
Calculate the highest common divisor of 1060 and 5385.
5
What is the greatest common divisor of 99478647 and 18?
9
What is the greatest common factor of 2848 and 177?
1
What is the highest common divisor of 108 and 50845492?
4
What is the greatest common factor of 3073270 and 12582?
466
What is the highest common factor of 5566384 and 80?
16
Calculate the greatest common divisor of 1022320 and 44.
4
Calculate the greatest common factor of 715875 and 218373.
249
What is the highest common factor of 21020152 and 16?
8
What is the greatest common divisor of 4543472 and 480496?
944
What is the highest common divisor of 5274 and 126869?
293
Calculate the highest common divisor of 1542 and 4012541.
257
Calculate the highest common divisor of 10410192 and 8320.
208
What is the highest common factor of 497870 and 4010?
10
What is the highest common divisor of 112981 and 451?
11
Calculate the highest common factor of 51748 and 57307.
17
What is the highest common divisor of 4888 and 624818?
94
What is the highest common divisor of 437 and 17971211?
23
Calculate the highest common divisor of 13728323 and 749196.
6937
Calculate the greatest common divisor of 5846100 and 4875.
975
Calculate the greatest common factor of 6000760 and 1312.
328
Calculate the highest common factor of 92800 and 33920.
640
What is the greatest common factor of 43369889 and 346?
173
Calculate the highest common divisor of 505820 and 5964.
28
Calculate the highest common divisor of 113580 and 781560.
180
What is the greatest common factor of 46289365 and 203?
29
Calculate the highest common factor of 507486 and 1548.
258
What is the highest common factor of 45105 and 599460?
1455
Calculate the highest common divisor of 471210 and 51430.
1390
What is the highest common factor of 18 and 51166866?
6
What is the greatest common divisor of 74112509 and 3603?
1201
What is the greatest common factor of 9240630 and 1512?
42
Calculate the highest common divisor of 12 and 34916316.
12
Calculate the greatest common divisor of 11758 and 602.
2
Calculate the highest common divisor of 3978672 and 2352.
48
Calculate the highest common divisor of 682030 and 299980.
2830
Calculate the greatest common factor of 576 and 203101596.
36
Calculate the highest common factor of 296055 and 6686199.
1161
What is the highest common divisor of 6925 and 8318033?
277
What is the greatest common divisor of 8102625 and 2788?
697
What is the highest common divisor of 126442 and 3210710?
382
What is the highest common divisor of 320 and 528023920?
80
What is the greatest common factor of 1084 and 3719475?
271
Calculate the highest common divisor of 11454681 and 245.
49
Calculate the greatest common divisor of 738 and 535518.
18
Calculate the highest common factor of 400896 and 765504.
1728
What is the greatest common divisor of 6202 and 752626?
14
Calculate the hig